et s(n) = -n**3 - 3*n**2 + 2*n + 1. List the prime factors of s(m).
3
List the prime factors of (12/(-15))/(1/(-30)).
2, 3
Let j(z) = -z**2 + 11*z - 13. Let u be j(9). Let i(o) = 0*o + o + 1 - 2. List the prime factors of i(u).
2
Suppose 30*p - 492 = 24*p. List the prime factors of p.
2, 41
Let j(f) = -6*f - 4. Let r be j(4). Let b = 11 - r. List the prime factors of b.
3, 13
Let g(x) = -x**2 - 11*x - 5. Let b be g(-10). Suppose -2*w - 87 = -b*w. List the prime factors of w.
29
Suppose -8*b = -3*b. Suppose -2*w - 3*w = b, -w + 1225 = 5*k. List the prime factors of 2/(-3) + k/21.
11
List the prime factors of ((-2097)/12)/((-3)/4).
233
Suppose 0 = -f - 3 + 4. Let v be 7/1 - (f + 2). Suppose 9*b - 75 = v*b. What are the prime factors of b?
3, 5
Suppose -2*v - 3*v = 190. Suppose 5*f - 21 = -2*u - 147, -3*f - u - 75 = 0. Let r = f - v. What are the prime factors of r?
2, 7
Suppose -2*b + 8 = -b. Let s = b + 8. What are the prime factors of s?
2
Suppose -3*f = 9, 0*f - 2*f = -4*s + 110. Suppose 0 = -5*y + 4*m + s, -y - y - 2*m = 4. Suppose 4 = j - y. What are the prime factors of j?
2, 3
Let m = 121 - 6. What are the prime factors of m?
5, 23
Suppose -5*p + 131 + 519 = 0. Suppose 4*c = -c + p. Let n = c - 17. What are the prime factors of n?
3
List the prime factors of 1092/18*(2 + 2/(-4)).
7, 13
Let r = 0 - -4. Suppose -4*l - r = -16. What are the prime factors of l?
3
Let n(b) = 9*b**2 + 2*b. What are the prime factors of n(2)?
2, 5
Suppose -4*b + b = -27. Let q be (3 + -1)/(1/2). Suppose -q*g + 0*g = 5*n - 45, 0 = n - 2*g - b. List the prime factors of n.
3
Suppose 8*u + 851 - 2947 = 0. List the prime factors of u.
2, 131
What are the prime factors of (2*17/3)/((-2)/(-3))?
17
Let v = 389 + -277. What are the prime factors of v?
2, 7
Let o(g) = 38*g**3 + 2*g**2 - 3*g - 6. What are the prime factors of o(2)?
2, 3, 5
Let k(y) = -2*y**2 - 2*y. Let c be k(-2). List the prime factors of c/4 - 28/(-2).
13
What are the prime factors of (-6*1/(-4))/((-3)/(-102))?
3, 17
Let w(j) = -6*j**3 - 9*j**2 + 5*j + 31. Let s(m) = m**3 + 2*m**2 - m - 6. Let c(z) = -11*s(z) - 2*w(z). What are the prime factors of c(4)?
2
Let m = -65 - -147. List the prime factors of m.
2, 41
Let t be 4/8*-2 + 4. Suppose 2*s + d - 65 = 0, -t*d + 7 + 8 = 0. What are the prime factors of s?
2, 3, 5
Suppose -288 = 6*q - 10*q. List the prime factors of q.
2, 3
Let p(l) = -27*l**3 + l**2 + 2*l + 1. Suppose -t = -4*t - 3. What are the prime factors of p(t)?
3
Let v(i) = i**2 - 2*i + 5. Suppose -4 = -0*u + u, 2*n - u - 12 = 0. Let m be v(n). Let x = m - 8. What are the prime factors of x?
5
Let z = 3 - 6. Let j(o) = -4*o. List the prime factors of j(z).
2, 3
Let q(f) = f**3 + 6*f**2 - 6*f + 10. Let m be q(-7). Suppose 0 = m*r - 3 - 21. What are the prime factors of r?
2
Suppose 3*m - 74 - 31 = 0. List the prime factors of m.
5, 7
Let z(g) = 2*g**2 + g - 14. What are the prime factors of z(-8)?
2, 53
Let f be (-5 + 4)*(-8 - -4). Suppose 0 = f*y + 4*v - 164, 2*y - v = -0*v + 88. List the prime factors of y.
43
Let j(b) = -2*b**3 - 6*b**2 - b + 1. Let h(c) = c**3 + 5*c**2 + c. Let d(u) = -3*h(u) - 2*j(u). What are the prime factors of d(4)?
2, 5
Let h(d) = d - 6. Let q be h(6). Let p be 1 + q - -1 - -66. List the prime factors of p/18 + 4/18.
2
Let k = 121 - 29. What are the prime factors of k?
2, 23
Suppose 5*v = -3 + 18. Suppose -f = 3*w + v - 0, 3*w - 2*f = 6. Suppose w = -5*q + 2*q + 9. What are the prime factors of q?
3
Let g = -2 + 102. List the prime factors of g.
2, 5
Let f be 0/1 - 15/(-5). Let d(i) = 2*i**3 - 2*i**2 + 3*i - 4. What are the prime factors of d(f)?
41
List the prime factors of (-6)/2 - (-270)/6.
2, 3, 7
Let b(i) = 4*i**2 - 14*i + 3. Let k(t) = 11*t**2 - 43*t + 10. Let q(w) = 8*b(w) - 3*k(w). List the prime factors of q(15).
2, 3
Let q = 4 - 2. Let x(k) = 4*k + 4. Let l be x(5). Suppose 2*o - 8 = -q*o + 4*w, -3*o - 3*w + l = 0. What are the prime factors of o?
5
Suppose -3*z = -7*z. Suppose z*p + 5*p + 30 = 0. What are the prime factors of 10*(-1 - 9/p)?
5
Suppose 3*v + 237 = 4*v. What are the prime factors of v?
3, 79
List the prime factors of (2/6 - 1) + 1062/54.
19
Suppose 20 = -0*v + 4*v. Suppose -5*m = 2*u - 82, -v + 71 = 2*u - 3*m. What are the prime factors of (3 - 2)*u/3?
2, 3
What are the prime factors of (-8487)/(-135) - 2/(-15)?
3, 7
Let r(s) = -2*s**3 + 3*s**2 - 2. Let k be r(2). Let g be 3/k*9*-2. Suppose -2*c = c - g. List the prime factors of c.
3
Let x(q) = -4*q + 1. Let h be x(-1). Suppose -h*g = -13 - 7. List the prime factors of 2/(-3*g/(-42)).
7
Suppose 4*v = 25 + 3. Let t(s) = -s**2 + 6*s + 10. What are the prime factors of t(v)?
3
List the prime factors of ((-2)/4)/(2/(-108)).
3
Suppose -2*j - 2*j = -20. Suppose -j*n + 4*a = -36, 5 + 3 = -3*n - 5*a. Suppose 0*m = -n*m + 60. List the prime factors of m.
3, 5
Let x(l) = l**3 - 6*l**2 + 4*l + 11. List the prime factors of x(5).
2, 3
Let c(j) = -j**3 + 10*j**2 - 6*j - 6. What are the prime factors of c(7)?
3, 11
Suppose -4*p = -6*p + 12. What are the prime factors of p?
2, 3
Suppose -4*j + 85 = 3*b, -3*j - 2*j + 2*b = -112. List the prime factors of j.
2, 11
Let g(l) = -l**2 - 5*l - 2. Let b be g(-4). Suppose u + b*u = 0. Suppose u*f = 5*f - 60. List the prime factors of f.
2, 3
List the prime factors of 1 - (-1 + 1) - (-12 - 21).
2, 17
Let k = -15 - -11. Let p = k - -2. List the prime factors of p - ((-2 - -1) + -11).
2, 5
Suppose 3*y - 7 = 8. Suppose 3*q - y*h - 28 = 87, 183 = 5*q - 4*h. List the prime factors of q.
5, 7
Let q(u) = u**2 + 7*u - 5. Let v be q(-8). Let k = v + 13. What are the prime factors of k?
2
Let x(u) = -4*u + 1. Let q be x(-5). Suppose -y = -2*y + q. List the prime factors of y.
3, 7
Let q = -14 - -18. Suppose 0 = -5*j + 194 - q. What are the prime factors of j?
2, 19
Let p be (27/(-6) + 3)*-2. Suppose -p*r + 3 = -93. Let n = r - 16. What are the prime factors of n?
2
Suppose 3*m + 3 = 2*m. Let a(c) = -c + 4. List the prime factors of a(m).
7
Let f = 19 + 20. List the prime factors of f.
3, 13
Let k = -180 + 330. List the prime factors of k.
2, 3, 5
Let g = 2 + -1. Suppose 4*z = 5*v + 8, -2*v - 3 = -z - g. What are the prime factors of (2 - -8)*2/z?
2, 5
Let q = 39 + -34. Suppose -8*n = -4*n - 200. Suppose -2*h - 2*w + 0*w + n = 0, -5*w = -q*h + 105. What are the prime factors of h?
23
Let l = -1 - -4. What are the prime factors of l?
3
Let p = -9 + 13. Suppose -p*z + 0 + 32 = 0. List the prime factors of (6 - 0)*z/6.
2
Suppose -f - 4*f = -90. What are the prime factors of f?
2, 3
Let d = 13 - 9. Suppose -110 = -d*g - g. Let y = -10 + g. What are the prime factors of y?
2, 3
Let u = 131 - 125. What are the prime factors of u?
2, 3
Let w = -24 + 36. What are the prime factors of 1*4/(w/27)?
3
What are the prime factors of 36/(-5)*(-50)/15?
2, 3
Suppose -3*f - 1 = -13. Suppose r + 15 = 4*r. Suppose -30 = -r*b - w, -12 = -6*b + f*b - 5*w. What are the prime factors of b?
2, 3
Let g be (5/1)/((-2)/(-2)). Suppose -5*w - 5 + 25 = -s, -2*w = -2*s. Suppose -w*d - p = -60, g*d = -2*p + 25 + 40. List the prime factors of d.
11
Let v(d) = 6*d + 4. What are the prime factors of v(3)?
2, 11
Suppose 8*f = -2*f + 740. List the prime factors of f.
2, 37
Let i be ((-9)/3)/(-1) + 2. Suppose -i = -o + 5. What are the prime factors of o?
2, 5
Let n = -3 - 0. List the prime factors of (-17)/n + (-2)/(-6).
2, 3
Let c(a) be the third derivative of 7*a**6/120 - a**3/6 + 4*a**2. What are the prime factors of c(1)?
2, 3
Let z(h) = h**3 - 8*h**2 + h - 1. List the prime factors of z(8).
7
Suppose 0 = 4*p - 5*f - 126, f - 5*f = -8. Let r = -8 + p. What are the prime factors of r?
2, 13
Let k(q) = 2*q**2 + 3*q. Let i be k(3). Let a = i + -18. List the prime factors of a.
3
Suppose -4*a = -2*u - 112, 4*a - a = -4*u + 62. Let o = a - 16. List the prime factors of o.
2, 5
Suppose -2*b + 3*y + 76 + 17 = 0, -b - 3*y + 33 = 0. What are the prime factors of 1*-3 - b/(-7)?
3
Suppose -24 = 2*h - 92. What are the prime factors of h?
2, 17
Suppose -5*w - 220 = -9*w. What are the prime factors of w?
5, 11
Let f = 69 + -5. List the prime factors of f.
2
Let m be (-136)/(-32) + 2/(-8). What are the prime factors of m/((-12)/(-159)) + -2?
3, 17
Suppose 2*x + h - 15 = 0, 3*x + h - 4 = 17. Suppose -5*r + 9 = -x. What are t